c = -21816 + 21829. Let z(w) = w**2 - 6*w - 90. Give z(c).
1
Let n(q) be the first derivative of -q**4/4 - 10*q**3/3 + 5*q**2 - 13*q + 288. Give n(-11).
-2
Suppose -z + 54*z + 905 = -128*z. Let y(l) = l. Let r(p) = 5*p + 4. Let j(d) = r(d) - 4*y(d). Calculate j(z).
-1
Let q(s) = -32153*s**2 + 64299*s**2 - 32147*s**2 + 9. Suppose -4*g - 4*o - 16 = 0, -2*o - 8 = -4*g + g. Determine q(g).
9
Let h(i) be the second derivative of -i**4/12 + 2*i**3 - 5*i**2/2 + 189*i - 2. What is h(12)?
-5
Let t(s) be the second derivative of s**5/20 - s**4/4 + s**3/2 + 27*s. Suppose 0 = 8*d - 0*d + 96. Let m = 14 + d. Determine t(m).
2
Let b(z) = 11*z**3 - 6*z**2 - 53*z - 23. Let u(g) = 6*g**3 - 3*g**2 - 30*g - 14. Let m(o) = 4*b(o) - 7*u(o). Calculate m(-3).
-69
Suppose -d = 23*d - 23280. Let r(m) = -6 + 971*m + 1 - 3 - 6 - d*m. Give r(7).
-7
Let t(z) be the first derivative of z**2/2 + 4*z + 4890. Let c = 0 - -5. Suppose -c*v = -v - 12. What is t(v)?
7
Let i(r) = -20*r**2 + 5*r**2 + r**3 - 7*r + 17*r**2 + 3*r**2 - 10 + r**2. Give i(-6).
32
Let s(g) = g**2 - 4*g + 2. Suppose 0 = -4*o + 3*j - 369, 4*j = -5*o + 5*j - 464. Let m = -77 - o. Suppose 2*n = m - 6. Calculate s(n).
7
Let s(r) be the second derivative of -r**5/20 - 11*r**4/12 + 3*r**2 + 25*r + 17. Determine s(-12).
150
Let u be (-2300)/(-46) + -1 + 3. Suppose 36*w + 32 = u*w. Let h(o) be the second derivative of o**5/20 + o**2 + 2*o. Calculate h(w).
10
Let q(f) = -148*f**2 - 159*f**2 + 308*f**2 - 11 - 3*f. Calculate q(6).
7
Let q(d) = 5*d**2 + 32*d - 5. Let t(r) = -2*r**2 - 7*r + 1. Let o(z) = q(z) + 3*t(z). Determine o(9).
16
Let k(p) = 12 - 122*p + 265*p - 10 - 32 - 111*p. Give k(-2).
-94
Let r(l) be the second derivative of -l**5/20 - 2*l**4/3 + 3*l**3/2 - l**2/2 + 2*l - 510. Determine r(-9).
-1
Let h(o) be the third derivative of 13*o**4/24 + 27*o**3/2 + 5*o**2 - 154*o. Give h(-5).
16
Suppose 0 = 2*w - 54 - 290. Let s(h) = -3*h**2 - h**3 - 4 - 170*h - w*h + 345*h. Calculate s(-4).
0
Suppose -4*r - 36 = -4*q, 3*q + 42 = 8*q - 4*r. Let t(i) = 57*i**3 + 6*i - 7*i**2 + 0 - 56*i**3 + 1. Calculate t(q).
1
Suppose -9*z + 583 = 601. Let b = -1 - -2. Let h(r) = b - 3*r - 7*r + 7*r. Determine h(z).
7
Let s(x) = -x - 3. Suppose -4*l + 16 = 32. Let z be 7 + (l + 4 - 4). Let y(d) = -2*d - 2. Let v(t) = z*s(t) - 2*y(t). Calculate v(5).
0
Let a(p) = 53*p**2 - 103*p**2 + 53*p**2 - 88 + 80. Determine a(-3).
19
Let k = 10520 - 10526. Let s(j) = 14*j + 3. What is s(k)?
-81
Let o = 47 + -27. Suppose o = x + 16. Let l(h) = h**2 - 4*h - 5. Determine l(x).
-5
Let t(y) = -y**3 - 7*y**2 + 5*y + 13. Suppose -5*d = 3*o - 20 + 39, 5*d = 2*o - 54. What is t(d)?
37
Let w(q) = q**2 - 8*q - 8. Let l(v) = 17*v + 17. Let f(z) = 2*z**2 - 1. Let n(o) = f(o) - l(o). Let p(g) = 6*n(g) - 13*w(g). What is p(3)?
-7
Let o(b) = -b**2 + b + 4. Let k = 14 - 12. Suppose -2*y - 2*j = -k, y + 3*j = j. Suppose 0 = 4*l - 10 - y. Determine o(l).
-2
Let l be ((-3)/(-12))/((-14)/(-112)). Suppose -3*b - l*n = 13, b - 5*n = 3*b + 27. Let y(g) = 21*g - 1. Calculate y(b).
-22
Let v be (-2 + 2 - (8 + -3)) + 16. Suppose 0 = v*m - 354 + 365. Let r(d) = 2*d - 3 + 2 + 2*d**2 + 9*d**3 + 2. Determine r(m).
-8
Let t(y) = y**2 + 7*y - 23. Let z(s) = s**2 + 13*s - 45. Let r(p) = -5*t(p) + 3*z(p). Calculate r(5).
-50
Let i(p) = 27*p**3 - 6*p**2 + 9*p + 6. Let m(k) = 26*k**3 - 8*k**2 + 11*k + 9. Let f(w) = -4*i(w) + 3*m(w). Calculate f(1).
-30
Let v be 2/8 + 1*324/48. Let g(j) = -3*j**2 + 18*j + 23. Determine g(v).
2
Let a be 2/5 - 72/(-20). Let h(r) = -r**3 + 5*r**2 + 7*r - 7. Let b(s) = -5*s**3 + 25*s**2 + 38*s - 36. Let y(v) = -4*b(v) + 21*h(v). Calculate y(a).
-7
Suppose 12*t - 81 = 27. Let w(x) be the third derivative of 0 + t*x**2 - 1/24*x**4 + 7/6*x**3 + 0*x. Determine w(11).
-4
Let i = -23505 - -23525. Let b(p) = -p**2 + 26*p - 138. Give b(i).
-18
Suppose -5*j = -4*t - 10 - 26, 5 = 5*t. Let y(l) = j*l + 2*l - 11*l + 4*l. Determine y(-5).
-15
Let u = -194 - -197. Let f(o) = -11 - 4*o**3 + o**3 + 2*o**u + 259*o - 11*o**2 - 248*o. Give f(-12).
1
Suppose 0 = -m - 10*m + 594. Let h = -47 + m. Let o(r) = -r**2 + 3*r - r + h*r - 2 - 6. Determine o(8).
0
Let z(q) = -q**3 + 52*q**2 + 162*q + 160. Let x be z(55). Let c(m) = -5*m - 11. Give c(x).
14
Let g(f) = -8*f + 3*f - 3 + 9. Let a be (16 + 1)*(4 - 8). Let r = 72 + a. Give g(r).
-14
Let r(q) = q. Let d(j) = 14*j + 58. Let v(w) = 2*d(w) - 22*r(w). Let i be v(-19). Let a(h) be the first derivative of -h**4/2 + 2*h**3/3 + h**2 + 1. Give a(i).
-4
Let l(o) = -3*o**3 - 14*o**2 - 4*o + 8. Let u(y) = -5*y**3 + 52*y**2 + 17*y + 172. Let f be u(11). What is l(f)?
-8
Let c(p) be the third derivative of -p**6/120 - p**5/15 + p**4/4 + p**3/2 + p**2. Let q be (-1)/(-2)*(76 + -86). Give c(q).
-2
Let o(a) = 6*a**2 - 5*a - 17. Let v(m) = -1295*m - m**2 + 2 + 1295*m. Let d(r) = -o(r) - 5*v(r). Calculate d(6).
1
Let b be 2*1 - 1*(-1 + -2). Let n(s) = -3 + 1 + b - 6*s - 7*s. Determine n(2).
-23
Let q(h) = 95*h + 3376. Let j be q(-35). Let d(o) = -o**2 + 56*o - 249. What is d(j)?
6
Let o(u) = u**2 + 10*u + 29. Let p be 10000/(-1240) - ((-364)/(-124) + -3). Give o(p).
13
Suppose 0 = 30*n - 6996 - 2904. Let p = n - 335. Let z(b) = b**3 + 6*b**2 + 4*b - 1. What is z(p)?
4
Let m = 24 - 12. Let o = -8 + m. Let l(y) be the first derivative of y**4/4 - y**3 - 3*y**2 + 6*y - 2. Determine l(o).
-2
Let c(d) = 8*d - 24. Let f(r) = -3*r + 3. Let l(o) = c(o) + 2*f(o). Let u = -14 - -22. What is l(u)?
-2
Let b = -2676 - -2676. Let y(x) = -x**3 - x**2 - 2*x - 39. Calculate y(b).
-39
Let i(g) be the first derivative of 4*g**3/3 + 47*g**2/2 - 8*g + 622. Calculate i(-12).
4
Let j(g) be the third derivative of -g**5/15 - 3*g**4/8 - 7*g**3/6 + 91*g**2. Let q(n) = 9*n**2 + 19*n + 13. Let u(c) = 7*j(c) + 3*q(c). What is u(-9)?
-37
Let h = -2024 + 1085. Let r = -930 - h. Let y(q) = q - 14. What is y(r)?
-5
Let s be (-1 + -40)/(6*(-8)/96*2). Let p(u) = 2*u**2 - 86*u + 160. Determine p(s).
-4
Let q be (-174)/(-54) - 4/18. Let z(l) = 19 + q*l - 24 + 29 + 6*l + l**2. Determine z(-6).
6
Let s = 2543 + -2556. Let w(n) = n**2 + 14*n + 6. What is w(s)?
-7
Let b be (-6)/(-5)*(-25)/(-15). Suppose -5*d + 2*d = b*d. Suppose d = -27*c + 28*c + 6. Let a(l) = 2*l**2 + 8*l + 3. Determine a(c).
27
Let k(r) be the second derivative of -r**4/4 - 2*r**3 + 7*r**2/2 + 731*r. Calculate k(-6).
-29
Let u(f) = 5*f + 1. Let y be (2 - 1) + (-3 - -4). Let x(c) = -y*c + c + 2*c + 2 + 9*c. Let n(t) = -5*u(t) + 2*x(t). Calculate n(-4).
19
Let i(l) = 0*l + 2 - 14*l + 15*l + 6*l. Let f be i(1). Let o(w) = -w**3 + 10*w**2 - 7*w - 12. Give o(f).
6
Let a(o) be the third derivative of o**5/120 + o**4/2 - 8*o**3 - 5*o**2 + 9. Let p(c) be the first derivative of a(c). Give p(0).
12
Let y be (-483)/(-12)*-1 + 2/8. Let p be (-1)/2*y/((-25)/(-5)). Let c(b) = -b**2 + 3*b - 4. Determine c(p).
-8
Let c = 288 - 278. Let b(u) = -22*u + 32*u - 16*u - c + 3. Calculate b(-3).
11
Let y(t) = -t**3 - 3*t**2 - t + 3. Let k(p) = -3*p - 11 + 2*p + 3*p. Suppose -26 = s - 5*x, -25*s + 29*s = -3*x + 34. Let w be k(s). Determine y(w).
6
Suppose -t - 6*d + d + 106 = 0, -94 = -t - d. Let g = -83 + t. Let c(p) = -12 + g*p + p**2 + 6 - 3*p**2 + p**2. What is c(8)?
-6
Let q(n) be the third derivative of -n**6/120 + n**5/15 - 3*n**4/8 + 3*n**3/2 + 2758*n**2. What is q(3)?
-9
Let u = 49 + -46. Suppose -13 = 8*d + u. Let x(f) = -2*f**2 + 6. What is x(d)?
-2
Let i(g) = g**2 - 10*g + 67. Let t(s) = -s**2 + 12*s - 64. Let o(w) = -2*i(w) - 3*t(w). Calculate o(7).
-5
Suppose 101*w + 47 = 20*w - 682. Let c(r) = -2*r**3 - 21*r**2 + 27*r - 25. Let d(f) = -f**3 - 11*f**2 + 14*f - 13. Let b(k) = 3*c(k) - 5*d(k). What is b(w)?
-28
Let c(h) = -3*h**2 + 11. Let t be (3/12 - 19/(-4)) + -10. Give c(t).
-64
Suppose u - 16 = 3*u. Let z(j) be the first derivative of j**5/120 + j**4/3 - 16*j**3/3 - 12. Let o(t) be the third derivative of z(t). Determine o(u).
0
Let w(h) = h**2 - h - 3. Let p(r) = 3*r**2 - 3*r + 5. Let v be p(2). Let i(s) = s**3 - 13*s**2 + 18*s + 40. Let a be i(v). Determine w(a).
17
Let t = 1312 - 1284. Let n(c) = -c**2 + 30*c - 42. Determine n(t).
14
Let k = 197 - 172. Suppose -k = s - 29. Let j(p) = -2*p**2 + 7*p - 6. Determine j(s).
-10
Let x(z) = -z**3 + 6*z**2 - 2*z - 2. Let q = 124 + -115. Suppose 4*y + 8 = 2*u, -u + q = 